lue of -8 + (-13 - -3) + 10 - -63?
55
What is the value of 2 + 3 + -1 + (26 + (7 - 32) - 7)?
-2
84 - (290 - 202) - (-1 - (1 - 7))
-9
-78 + 88 - (98 + -18 + (-22 - -9))
-57
What is 9 - ((-4 - -7) + (14 - 4 - 1))?
-3
Evaluate (40 - (122 - 59)) + -37.
-60
(17 - (12 + 16)) + -14 + -3
-28
What is -16 + -27 + (90 - 40)?
7
Evaluate 7 - ((17 - (6 + 1)) + -14) - 38.
-27
Evaluate 1 + 0 + -12 + (-433 - -240 - -251).
47
(1 - -5) + (20 - (11 - (-13 - -5))) + 27
34
What is -3 + 3 - (16 - 28) - 23 - (3 - -15)?
-29
What is the value of -1 + 1 - (3 - 2) - ((-455 - -855) + -361)?
-40
Evaluate 93 - 65 - (-7 + 11).
24
-6541 + 6444 + -9 + (2 - 4 - (3 + -1))
-110
What is 137 - ((-12 - -142) + -63)?
70
What is the value of 72 + -77 - (-3 - 1)?
-1
What is -2 + 11 - (4637 - 4562)?
-66
Calculate -16 + 9 - -4 - (-41 - (1 - -22)).
61
What is the value of (6 + (2 - 1) - 7) + (59 - 63)?
-4
What is -233 + 218 + 16 + (2 - -4)?
7
-85 - ((36 - 51) + -30)
-40
What is -14 + 30 + 25 + (-11 - 6)?
24
What is -32 - ((63 - (63 + -31)) + -63)?
0
47 + 2 + (-13 + 13 + -5 - 8)
36
2 + 7 - (-90 + 83)
16
Calculate (9 - (8 - -2)) + (9 + -7 - -32).
33
What is 5 - 1 - (215 - 229)?
18
(-30 - -51) + (-15 - -4) + 0 + 63
73
What is the value of -5 - (-16 + 2 + -18 + 19 + 93)?
-85
-34 + 9 + 83 + (1 - 10)
49
Evaluate 18 - ((4 - 5 - -3) + 35 + -11 - 13).
5
What is 3 - (-6 - (-65 - -25))?
-31
Evaluate -5 + (5 + -11 - -23) + -5 + (-118 - -59).
-52
Calculate 112 - 330 - -37 - -80.
-101
What is the value of (4 - (-12 + -9)) + -74 + -13?
-62
Calculate -10 - -22 - (15 + 26).
-29
51 + (-48 - -31) + -10
24
Evaluate (-51 - -26 - (-3 + (-12 - -2))) + (31 - 0).
19
1228 + -1236 + (1 + 2 - -1)
-4
Evaluate 6 - (28 + -24 + 3 + 3 + -9 + 23).
-18
What is 1176 - 1235 - (-18 - -2)?
-43
Evaluate 22 + -6 - (-79 - -102) - 77.
-84
What is 7 + (-1 - (-3 + 62)) + 2 + 7 + 10?
-34
Evaluate (-92 - (-49 + -40)) + (57 - 0) + 10.
64
Calculate (-14 - -2) + (-22 - (1 - 30) - 17).
-22
-160 - (-11 + 1 - (3521 + -3496))
-125
What is (3 - (9 + 31)) + 24 - -52?
39
-2 + (-36 - -24) + 31 + 61 + -4
74
-62 + (5 + 3 + -7 - (4 + -6)) + -6
-65
What is the value of -24 - 0 - -110 - 83?
3
Evaluate (-38 - (59 - 109 - -105)) + (2 + 1 - -1).
-89
36 - (89 + 7 - (108 - 110))
-62
Calculate (-69 - 27 - -51) + 28.
-17
Evaluate (25 - -38) + -18 + -14 + 6 + 14.
51
Calculate (-27 + -23 - -15) + 25 + (3 - 3).
-10
5 + (0 - (11 - -6)) + 41
29
What is the value of (-743 - -812) + (1 - 87)?
-17
What is the value of -39 - (1 + (-30 - -20 - (0 - -3)))?
-27
90 + -79 - 84 - -68
-5
What is the value of 296 + -304 - ((5 - 1) + (-7 - -9) + -4)?
-10
What is -39 - (-76 + 63) - (-1 + -47)?
22
Calculate 2 + (1 - 4) - (404 - 346 - (-1 - 8)).
-68
Evaluate (100 - 89) + 25 - -20.
56
What is the value of 13 + (-11 - -44) + -80?
-34
Evaluate -10 + -103 + 229 - 11.
105
Calculate 11 + 62 - (-3 + (17 - 20) + 6).
73
What is the value of -7 + (-49 + -13 + -14 + 17 - -1)?
-65
Evaluate -66 - (-39 + -82) - 57.
-2
Calculate (28 + -40 + (27 - (-3 - -8)) - 97) + -4.
-91
Evaluate (-8 - (-2 - 2)) + -9 + 66 + (-48 - 95).
-90
Evaluate 61 - ((22 - 3) + (-25 - -24)).
43
Evaluate -122 + 155 + -10 - -30.
53
What is the value of (-6848 - -6855) + (-1 + 0 - 18) - 30?
-42
(1 + 3 - (-54 + (-28 - -42))) + -13
31
Evaluate (6 - (-6 + 10)) + (6 - ((-15 - -9) + 80)).
-66
What is the value of (1 - 0) + (-21 + 19 - (6 - -1 - 1))?
-7
What is (21 - 32) + (-7 - (-4 + (6 - 3)))?
-17
Evaluate 21 - (-43 + -3 - -6 - -19).
42
Calculate 11 - (16 + -36 + -2) - 14.
19
What is the value of (4 - 8) + (-77 + 0 - (-155 + 155)) + -14?
-95
What is (204 - 185) + (9 - 2)?
26
Evaluate 9 - (-10 + 0 - ((-15 - -19) + 1 + -27)).
-3
26 + (-35 + 20 - 8) + 8 + 21
32
What is the value of 13 + (-15 + -2 - -18 - 28) - -79?
65
What is the value of -69 + 39 + 79 + -14?
35
What is the value of 3 + ((-18 - -5) + 47 + -38 - 2)?
-3
What is the value of -85 - (-29 + 12 + -1)?
-67
Calculate 15 - ((-24 - (-12 - -28)) + 18).
37
Evaluate 11 + 42 - (5 + (-3 + 10 - 5)).
46
What is the value of (-55 - (-22 + 17)) + (10 - 8) + 9?
-39
0 - (3 - (11 + (-9 - -7) + -7))
-1
-505 - -533 - (1 + (-2 - 4) + 8)
25
Evaluate 7 + 56 - 63 - (1 + -31).
30
-5376 + 5484 - (141 + -3)
-30
Calculate 17 + -24 + -17 + -1 - -16.
-9
What is -78 + 12 + (-2 - -43)?
-25
Calculate (-54 + 8 - (-6 - -2) - -2) + 13.
-27
Calculate 14 + 20 + (-1 - -11 - 24) + 6.
26
Calculate (216 - 219) + (10 + -11 - (-1 + 11)).
-14
(1 - -1) + 54 + (-39 + -1 - (-195 + 162))
49
What is the value of -88 + (-87 + 65 - (-8 + 10))?
-112
What is the value of 61 - ((-45 - -36) + 11 + 8)?
51
Calculate 16 - 1 - (100 - (206 - 111)).
10
-2 + 17 + (96 - 100) - 23
-12
Evaluate -4 + 7 + -6 - -4 - (-15 + 14 + -41).
43
Calculate 27 + (16 - (3 + (-11 - -11))) + -11.
29
What is the value of -377 - -357 - (0 + 10) - (0 + -10)?
-20
What is -47 + 21 - (-21 + (27 - 2))?
-30
What is the value of (6 + -6 - (5 - -8)) + 3 - 5?
-15
39 - 5 - (-3 + -2 - 12)
51
What is the value of 2 + -62 + 34 - 56?
-82
-21 + -25 + 15 + 20 + 113
102
What is -8 + (50 - 6) + -20?
16
Evaluate 33 + 2 - 63 - (16 + (-4 - -2)).
-42
Calculate (-10 - (-10 + 19 + (-4 - -4))) + -2 + -4.
-25
Evaluate 3 - 12 - ((-669 - -650) + -1 + 0 + 10).
1
(18 - (-2 - (11 + -11))) + -19 - (-3 - 5)
9
Calculate 3 + (-40 - 23) - -21.
-39
What is 0 + 5 - (139 - 87)?
-47
Evaluate (-118 - (9 + -73)) + -61.
-115
Calculate (2 - 79) + (21 + 39 - 34).
-51
What is the value of -1525 - -1529 - (29 - -9)?
-34
What is the value of (22 - (39 + 5)) + 23?
1
What is the value of 3 + 4 - (11 - (-7 + 7 + 16))?
12
Evaluate -2 + -2 + 36 + -31 + 20 + -82.
-61
Evaluate -6 - 7 - (22 + -2 + 0).
-33
Calculate -21 + (-36 + 57 - 46 - -19).
-27
Calculate 27 + (-8 - -3) + (5 - 7) + (6 - -2).
28
7 + 0 - (-79 + 102) - -17
1
Evaluate -34 + (36 - (-10 - -6)) + (1 - 41).
-34
Calculate 18 + (-27 - -59 - 18) + 79.
111
Calculate 3 - (7 - (-14 - (-44 - -12))).
14
Calculate (235 + -117 - 22) + -23.
73
What is 39 - ((-35 - -5 - -28) + 1 + 17)?
23
Calculate -2 + 28 - (-84 - -86 - 13).
37
What is 1 - -30 - (147 + -39 + -72)?
-5
What is the value of 23 + -5 - -2 - (-571 - -576)?
15
What is the value of 1 + 26 - 0 - (-3939 + 3910)?
56
Calculate (23 + -1 - 5) + (189 - 117) + -6.
83
Evaluate 42 + -16 - (2 + -5).
29
Evaluate -6 - (-1 - (-10 + 9)) - -16 - 0.
10
Calculate (-93 - -101 - (3 - -1)) + -70 - (0 + -9).
-57
What is -27 - (-15 - (-21 - -71 - 13))?
25
What is the value of (-14 - (-5 - 3 - 4)) + 12 - (6 + 8)?
-4
What is (39 - (-5 - -24)) + -9 + (-22 - -2)?
-9
What is (-21 - (0 + -2)) + (-392 - -399) + (2 - 6)?
-16
-56 + (-41 - -182) + -23
62
Evaluate -144 + (251 - (122 - 80)).
65
Calculate -11 + 14 + -83 + (0 - -4) - -13.
-63
Calculate 9 - ((-3549 - -3515) + (-2 + -1 + 5 - 10)).
51
-66 + 1 - (-5 - (-15 - -11) - -4)
-68
(5 - -1 - -1) + 244 + -241 + 1 + -140
-129
-8 - (-42 - (137 - 111))
60
Evaluate 1 + -8 + (-32 - (8 + -25) - (-3 - -13)).
-32
What is the value of (-6 - (8 - -25)) + 109 - 3?
67
Evaluate -20 + 32 - (-5 - 5 - -11 - 0).
11
Calculate -17 - -6 - (-12 - (-16 + 8 + 9 + -10)).
-8
Evaluate -40 + 13 + 8 - -18 - (-5 - (-53 + 4)).
-45
What is 103 + (-35 - (-42 + 31))?
79
What is the value of -5 - (-29 - -6) - 38 - 5?
-25
-76 - ((-17 - -19 - 0) + 18 - 32)
-64
What is (-2 + 1 - (-8 - 0)) + 524 + -751 + 145?
-75
What is 24 + 26 + (-7 - 15) + (-1 + -2 - -12)?
37
What is -34 + 89 + -154 + 13?
-86
What is the value of 1 + 1 - (34 + (27 - (20 + -5)))?
-44
What is the value of -26 - (46 + -26 - 17) - -111?
82
What is the value of 32 - ((-13 + 5 - (-3 - 0)) + 2 + -4)?
39
-29 - (7 + -18 + 8 - 98)
72
What is the value of 142 + (93 - 138) + -51?
46
What is 95 + (24 - 158) - (1 - (9 + -2 + 3))?
-30
Calculate 4 + (5 - 11) - (8 + (-2 - (-2 + 1))).
-9
What is the value of -74 - -68 - (-92 - (-10 + 21))?
97
What is 26 + -15 + (-15 + 10 - 34)?
-28
-30824 - -30829 - ((-1 - 0) + 29)
-23
(-119 - -1) + ((33 + -3 - 43) + 1 - -3)
-127
What is -145 - -28 - (343 + -559)?
99
Evaluate -20 + 11 + 52 + -32.
11
Evaluate (36 - -66) + (-452 - -382).
32
What is the value of 2 + -47 + (-91 - (-107 + 35) - (-1 + -29))?
-34
Calculate 2 + -43 + -2 + 4692 + -4692.
-43
Calculate (52 - (48 + -65)) + (-13 - (-4 + 2)).
58
-106 + (-15 - (36 + -105))
-52
-111 + (-38 - -73 - 37)
-113
Evaluate 23 + -24 - 8 - (0 + -3 - 59) - 9.
44
Calculate (19 - (-7 - (9 